at are the prime factors of 23758?
2, 7, 1697
List the prime factors of 1251.
3, 139
List the prime factors of 49.
7
What are the prime factors of 1097?
1097
What are the prime factors of 23474?
2, 11, 97
List the prime factors of 107886.
2, 3, 17981
List the prime factors of 2301.
3, 13, 59
List the prime factors of 85870.
2, 5, 31, 277
What are the prime factors of 5428?
2, 23, 59
What are the prime factors of 11031?
3, 3677
List the prime factors of 61639.
53, 1163
List the prime factors of 1466.
2, 733
What are the prime factors of 11358?
2, 3, 631
List the prime factors of 3203.
3203
List the prime factors of 557.
557
List the prime factors of 123.
3, 41
What are the prime factors of 422?
2, 211
What are the prime factors of 1509?
3, 503
List the prime factors of 777.
3, 7, 37
What are the prime factors of 767?
13, 59
List the prime factors of 713.
23, 31
List the prime factors of 731.
17, 43
List the prime factors of 4497.
3, 1499
List the prime factors of 61.
61
What are the prime factors of 24415?
5, 19, 257
List the prime factors of 15092.
2, 7, 11
What are the prime factors of 17897?
11, 1627
What are the prime factors of 525?
3, 5, 7
List the prime factors of 9589.
43, 223
List the prime factors of 2093.
7, 13, 23
What are the prime factors of 3028?
2, 757
List the prime factors of 97322.
2, 48661
List the prime factors of 2126.
2, 1063
What are the prime factors of 4954?
2, 2477
What are the prime factors of 375?
3, 5
What are the prime factors of 21228?
2, 3, 29, 61
List the prime factors of 49095.
3, 5, 1091
What are the prime factors of 2969?
2969
What are the prime factors of 12644?
2, 29, 109
List the prime factors of 1667.
1667
What are the prime factors of 324?
2, 3
List the prime factors of 4001.
4001
List the prime factors of 1250.
2, 5
List the prime factors of 381.
3, 127
What are the prime factors of 8129?
11, 739
What are the prime factors of 1663?
1663
What are the prime factors of 3860?
2, 5, 193
What are the prime factors of 27790?
2, 5, 7, 397
What are the prime factors of 7865?
5, 11, 13
What are the prime factors of 4296?
2, 3, 179
List the prime factors of 3242.
2, 1621
List the prime factors of 1218.
2, 3, 7, 29
List the prime factors of 424.
2, 53
List the prime factors of 2319.
3, 773
List the prime factors of 446.
2, 223
What are the prime factors of 2190?
2, 3, 5, 73
What are the prime factors of 8875?
5, 71
List the prime factors of 861.
3, 7, 41
List the prime factors of 110428.
2, 19, 1453
What are the prime factors of 237?
3, 79
What are the prime factors of 75040?
2, 5, 7, 67
List the prime factors of 16651.
16651
List the prime factors of 534.
2, 3, 89
List the prime factors of 41012.
2, 10253
List the prime factors of 8184.
2, 3, 11, 31
What are the prime factors of 749?
7, 107
What are the prime factors of 35391?
3, 47, 251
What are the prime factors of 9077?
29, 313
List the prime factors of 7752.
2, 3, 17, 19
What are the prime factors of 62339?
17, 19, 193
What are the prime factors of 3741?
3, 29, 43
List the prime factors of 2242.
2, 19, 59
List the prime factors of 1142.
2, 571
What are the prime factors of 2331?
3, 7, 37
List the prime factors of 18658.
2, 19, 491
What are the prime factors of 33805?
5, 6761
List the prime factors of 575.
5, 23
What are the prime factors of 15431?
13, 1187
List the prime factors of 8072.
2, 1009
What are the prime factors of 299?
13, 23
List the prime factors of 31669.
11, 2879
List the prime factors of 110897.
43, 2579
List the prime factors of 36191.
36191
List the prime factors of 8453.
79, 107
What are the prime factors of 852?
2, 3, 71
What are the prime factors of 15576?
2, 3, 11, 59
List the prime factors of 22532.
2, 43, 131
List the prime factors of 44046.
2, 3, 2447
What are the prime factors of 21636?
2, 3, 601
What are the prime factors of 162144?
2, 3, 563
What are the prime factors of 3558?
2, 3, 593
What are the prime factors of 19699?
19699
What are the prime factors of 29912?
2, 3739
List the prime factors of 7067.
37, 191
List the prime factors of 714.
2, 3, 7, 17
What are the prime factors of 85275?
3, 5, 379
List the prime factors of 46480.
2, 5, 7, 83
List the prime factors of 117705.
3, 5, 7, 19, 59
What are the prime factors of 11004?
2, 3, 7, 131
What are the prime factors of 70902?
2, 3, 13, 101
What are the prime factors of 2176?
2, 17
What are the prime factors of 21373?
11, 29, 67
List the prime factors of 32345.
5, 6469
List the prime factors of 860.
2, 5, 43
What are the prime factors of 12418?
2, 7, 887
List the prime factors of 901.
17, 53
What are the prime factors of 2378?
2, 29, 41
List the prime factors of 115423.
7, 11, 1499
List the prime factors of 517.
11, 47
What are the prime factors of 6748?
2, 7, 241
What are the prime factors of 2105?
5, 421
List the prime factors of 38386.
2, 17, 1129
What are the prime factors of 26769?
3, 8923
What are the prime factors of 912?
2, 3, 19
What are the prime factors of 95777?
11, 8707
List the prime factors of 27875.
5, 223
List the prime factors of 1146.
2, 3, 191
What are the prime factors of 18808?
2, 2351
List the prime factors of 6989.
29, 241
What are the prime factors of 254?
2, 127
List the prime factors of 5704.
2, 23, 31
What are the prime factors of 81647?
81647
What are the prime factors of 1155?
3, 5, 7, 11
What are the prime factors of 997?
997
List the prime factors of 10320.
2, 3, 5, 43
List the prime factors of 804.
2, 3, 67
List the prime factors of 7350.
2, 3, 5, 7
List the prime factors of 174150.
2, 3, 5, 43
List the prime factors of 598.
2, 13, 23
List the prime factors of 2756.
2, 13, 53
List the prime factors of 4297.
4297
What are the prime factors of 80101?
7, 11443
What are the prime factors of 2787?
3, 929
What are the prime factors of 13447?
7, 17, 113
What are the prime factors of 3957?
3, 1319
List the prime factors of 62924.
2, 15731
What are the prime factors of 49758?
2, 3, 8293
What are the prime factors of 2725?
5, 109
List the prime factors of 22334.
2, 13, 859
List the prime factors of 6794.
2, 43, 79
List the prime factors of 7132.
2, 1783
What are the prime factors of 2293?
2293
List the prime factors of 11931.
3, 41, 97
List the prime factors of 101744.
2, 6359
List the prime factors of 629.
17, 37
List the prime factors of 6810.
2, 3, 5, 227
List the prime factors of 58797.
3, 47, 139
What are the prime factors of 2908?
2, 727
List the prime factors of 12425.
5, 7, 71
What are the prime factors of 8592?
2, 3, 179
List the prime factors of 21495.
3, 5, 1433
What are the prime factors of 31982?
2, 15991
List the prime factors of 1604.
2, 401
What are the prime factors of 620?
2, 5, 31
List the prime factors of 459.
3, 17
List the prime factors of 83.
83
List the prime factors of 56510.
2, 5, 5651
What are the prime factors of 9922?
2, 11, 41
What are the prime factors of 806?
2, 13, 31
What are the prime factors of 70502?
2, 35251
What are the prime factors of 85815?
3, 5, 1907
What are the prime factors of 354?
2, 3, 59
List the prime factors of 16495.
5, 3299
List the prime factors of 354.
2, 3, 59
List the prime factors of 8711.
31, 281
List the prime factors of 1159.
19, 61
What are the prime factors of 44323?
127, 349
List the prime factors of 1934.
2, 967
List the prime factors of 11443.
11443
List the prime factors of 38530.
2, 5, 3853
What are the prime factors of 1808?
2, 113
List the prime factors of 3212.
2, 11, 73
List the prime factors of 1984.
2, 31
List the prime factors of 453.
3, 151
What are the prime factors of 458?
2, 229
List the prime factors of 57560.
2, 5, 1439
List the prime factors of 5523.
3, 7, 263
What are the prime factors of 5532?
2, 3, 461
List the prime factors of 31052.
2, 7, 1109
List the prime factors of 2021.
43, 47
List the prime factors of 15088.
2, 23, 41
What are the prime factors of 901?
17, 53
What are the prime factors of 852?
2, 3, 71
What are the prime factors of 4041?
3, 449
What are the prime factors of 997?
997
What are the prime factors of 239?
239
What are the prime factors of 24351?
3, 8117
List the prime factors of 4292.
2, 29, 37
What are the prime factors of 46670?
2, 5, 13, 359
List the prime factors of 1762.
2, 881
What are the prime factors of 469?
7, 67
What are the prime factors